5/10. Let z be 3/(-6)*(-362 - -2). Calculate the greatest common factor of z and a.
20
Let x = 45 - 30. Let z be (-1)/(-1) + x + -2. Suppose 4*l = 4 + 4. Calculate the greatest common divisor of l and z.
2
Let m(c) = 7 - c**2 - c + 0*c**2 - 5*c. Let o(t) = t**3 - 2*t**2 - 3*t + 1. Let x be o(2). Let z be m(x). Calculate the greatest common divisor of 12 and z.
12
Let w be -36*((-364)/16)/7. What is the highest common factor of 13 and w?
13
Let j = 299 + -145. What is the highest common factor of 22 and j?
22
Let f be 42 - -2*5/(-10). What is the highest common factor of 82 and f?
41
Suppose -4*c + 159 = -3*j, -170 = -5*c - 4*j + 2*j. Let b(m) = 3*m - 6. Suppose 13 = 2*n + 3. Let t be b(n). Calculate the greatest common divisor of t and c.
9
Let v = -13 + 29. Suppose -4*q + 3 = -9, 0 = r - 4*q + 4. What is the highest common factor of v and r?
8
Let m(o) be the first derivative of o**4/4 + o**3/3 + o**2/2 + 18*o + 4. Let h be m(0). What is the greatest common factor of h and 162?
18
Let x = -26 + 44. Let n be -2 + 2/((-4)/(-2)). Let t be 2 + (122 - n*2). What is the greatest common factor of x and t?
18
Let i = -1 + 1. Suppose 5*x - 213 = -5*d - 73, i = 3*d - 2*x - 64. What is the greatest common divisor of 36 and d?
12
Let u(j) = j**3 - 5*j**2 + 6*j - 7. Let o(q) = -q**3 - 5*q**2 + 4*q - 6. Let i be o(-6). Let g be u(i). Calculate the highest common divisor of 26 and g.
13
Let h = 66 + -51. Calculate the highest common divisor of h and 60.
15
Let j = 514 - 360. What is the greatest common factor of 22 and j?
22
Let c(r) = r**3 - 10*r**2 + 9*r + 3. Let d be c(9). Suppose 602 + 102 = 4*w + d*x, -5*w + 880 = -5*x. Calculate the highest common factor of 22 and w.
22
Suppose 16*t = 19*t - 51. Suppose -2*p + t + 53 = 0. Suppose 7 = 3*n - 4*w, 2*n + 4*w = 4*n - 2. What is the greatest common factor of p and n?
5
Let o = 163 - 101. Let p(d) = -d**2 - 29*d + 31. Let g be p(-29). What is the highest common factor of g and o?
31
Let k(v) = 2*v**2 + v. Let p be k(-1). Suppose -p = -5*a + 9. What is the greatest common divisor of 18 and a?
2
Let g be (-6)/(-14) - 5104/(-112). Calculate the highest common divisor of g and 115.
23
Let r be (-2)/(4/(-46))*1. Let p = r - 13. What is the greatest common divisor of 10 and p?
10
Suppose 16 - 1 = 5*b. Suppose 3*g - 37 = -b*j - j, 2*g + 2*j = 28. Calculate the highest common divisor of g and 19.
19
Let z be (-9 - -4) + 334 + -5. What is the greatest common factor of z and 12?
12
Suppose -6*y = -y. Suppose -5*v - 88 = -v - 4*g, 4*v + g + 68 = y. Let j be (-12)/((-33)/v + -2). What is the highest common divisor of j and 18?
18
Let p(y) = y**3 - y**2 - y - 1. Let b be p(-1). Let o = b + 1. Let u be (-2 + o)/(2/(-22)). Calculate the highest common divisor of u and 11.
11
Let l = 2 + 0. Suppose -b = -2*m - m + 1, -l = -2*b + 4*m. Suppose -27 = 2*q - b*q. What is the highest common divisor of q and 18?
9
Suppose 5*q - 59 = -2*y, 0 = -y - q - 0*q + 25. What is the highest common divisor of y and 11?
11
Let g(w) = w - 3. Let v be g(5). Let l be (3/(-2) + v)*22. Let i(t) = t**3 - 10*t**2 - 8*t - 11. Let f be i(l). What is the greatest common factor of 2 and f?
2
Let f(y) = y**3 + 6*y**2 - 4*y - 4. Let g be f(-6). Let k = g - 13. Let n(m) = m + 2. Let p be n(k). Calculate the highest common factor of 3 and p.
3
Let v(j) = -2*j**2 - 2*j. Let l be v(5). Let q = 595 + l. Suppose k + 3*n = 89, 5*k + n - q = -146. What is the highest common factor of k and 7?
7
Let r(q) = q**2 - 8*q + 10. Let i be r(7). Suppose 0*y + 180 = i*y. What is the highest common divisor of 15 and y?
15
Let n(j) = -j - 8. Let l be n(-8). Suppose l*g + 3*g = 3. Let v be 11/1*(g + 4). What is the greatest common factor of v and 11?
11
Suppose -2*l = 4*j - 5*j + 5, -5 = -j - l. Let q = 25 - 10. Calculate the highest common factor of j and q.
5
Suppose -7*i + 77 = -0*i. What is the greatest common divisor of i and 121?
11
Let g = -32 + 56. What is the greatest common factor of 32 and g?
8
Suppose 72 = -2*l + 5*l. What is the highest common factor of 3 and l?
3
Suppose f - 5*m + 621 = 5*f, -f - 3*m = -157. Suppose 0*w + 10 = w. Suppose w = -k + 24. What is the greatest common divisor of f and k?
14
Suppose -10 = -6*z + 5*z. Let u = 19 - z. Let h = 45 + -27. Calculate the highest common factor of h and u.
9
Let t = 100 - 0. Let c = 4 + 16. Calculate the highest common divisor of t and c.
20
Suppose -31 = -5*s - 21. Calculate the highest common divisor of 2 and s.
2
Suppose -5*c - 46 = -3*i, -3*i - 3*c = -0*c - 54. Calculate the greatest common factor of i and 119.
17
Let h be (-3 + (-26)/(-4))*10. Calculate the greatest common divisor of 5 and h.
5
Suppose 0 = 2*a + a - 12. Calculate the greatest common factor of a and 16.
4
Let y = 60 + -43. What is the greatest common factor of y and 136?
17
Suppose -4*p + z + z = -764, -3*p - z + 563 = 0. What is the greatest common divisor of p and 7?
7
Let b = 5 + -3. Suppose -58 = -b*g + 4*j, 4*g - j + 0*j = 81. What is the highest common divisor of 190 and g?
19
Let q = 8 - -29. Let x(f) = 4*f - 3. Let a be x(-4). Let t = q + a. Calculate the highest common divisor of 9 and t.
9
Suppose 4*j + 4*h = 16, -2*j - 3*j + 5*h = -20. Let d = j + 3. Let m(k) = k**3 - 5*k**2 - 7*k + 5. Let n be m(d). What is the highest common divisor of n and 6?
6
Let v = 17 - 12. Let z = -18 + 61. Suppose -p + v = m, -7*p = -3*m - 3*p + z. Calculate the highest common factor of 18 and m.
9
Suppose 0 = 3*f - 4*l - 38, 4*f = f + 2*l + 34. What is the highest common divisor of 100 and f?
10
Let z = 144 + -60. Suppose -2*u - 4 = -g, 0*g + 4*u + 32 = 4*g. What is the highest common divisor of z and g?
12
Let b(t) = 2*t + 1. Let i be b(4). Let v(p) = p - 3. Let j be v(6). Calculate the highest common divisor of j and i.
3
Let q = 72 + -32. Let v = -20 + q. What is the highest common factor of 5 and v?
5
Suppose 0 = -m - m + 12. Let u be 14*(0 - m/(-4)). Calculate the highest common divisor of 84 and u.
21
Let x be (-3 - -45)*16/4. Calculate the greatest common divisor of x and 21.
21
Let u = -18 - -36. What is the highest common factor of u and 45?
9
Let n(p) = -2*p + 7. Let w be n(5). Let a = -2 - w. Suppose 0 = 2*m - 2*r - 18, -36 = 3*m - 7*m + 3*r. What is the highest common factor of m and a?
1
Let v(u) = -u**3 - 6*u**2 + 7*u + 8. Let m be v(-7). What is the highest common factor of m and 24?
8
Let m = -245 - -410. Suppose 3*h - 7*h = -60. What is the highest common divisor of m and h?
15
Suppose 0*n = 4*n - 28. Let c = 2 + n. Calculate the highest common factor of 36 and c.
9
Let g(j) = -j**3 + 4*j**2 - 2*j - 2. Suppose a + 2 - 4 = 0. Let i be g(a). Calculate the greatest common factor of 16 and i.
2
Let o be 322 + (0 - 1) + -1. Suppose -h = 3*h - o. Calculate the greatest common factor of 10 and h.
10
Let x be (-1)/3 - (-19)/3. Suppose -4 = -2*s + x. Suppose -3*q - 11 = 4*l, -2*q = 3*l - s*q - 18. Calculate the highest common divisor of 2 and l.
1
Suppose 2*d + 155 = -3*d. Let o = -51 - d. Let u = -14 - o. What is the highest common factor of u and 24?
6
Suppose 6 = j - 2*q, 4*q + 15 = -q. Let g = 38 - 19. Suppose j = s + 1 - g. What is the highest common factor of s and 72?
18
Suppose 3*y - 68 = 76. Calculate the highest common factor of y and 16.
16
Suppose -q + 146 = 29. Suppose 0*m - m = -47. Suppose 4*f - 72 = -v - 3*v, -4*v + m = -f. What is the greatest common divisor of v and q?
13
Suppose -3*b = -4*b + 7. Calculate the highest common divisor of 56 and b.
7
Let n(l) = -l**3 - 10*l**2 + 24*l + 16. Let x be n(-12). What is the greatest common factor of 112 and x?
16
Let g = -71 - -134. Let y be 3/(-12) - 258/(-8). Suppose 4*w - 2*o + 1 - 23 = 0, y = 5*w - o. What is the highest common divisor of g and w?
7
Let f be 12/7 - 8/(-28). Suppose -18 = -3*k + f*k. What is the highest common factor of k and 27?
9
Let n(f) = f**2 - 3*f - 1. Let j be n(4). Suppose 2*k + 108 = j*k. What is the greatest common divisor of k and 12?
12
Suppose -4*j + f + 17 = -14, 0 = 2*j + 3*f - 19. Let b = 138 - 106. Calculate the highest common factor of b and j.
8
Suppose 0*z + z = 18. What is the greatest common divisor of 18 and z?
18
Suppose -13 = -2*b + p, 5*p + 20 = p. Suppose -b*v + 9*v = 880. What is the greatest common factor of v and 22?
22
Let h = -29 